{"id":1123,"date":"2022-06-19T21:52:39","date_gmt":"2022-06-19T21:52:39","guid":{"rendered":"https:\/\/www.aeropuertodetoluca.com.mx\/inicio\/?page_id=1123"},"modified":"2022-11-28T23:16:48","modified_gmt":"2022-11-28T23:16:48","slug":"mascotas","status":"publish","type":"page","link":"https:\/\/www.aeropuertodetoluca.com.mx\/inicio\/pasajeros\/mascotas\/","title":{"rendered":"Mascotas"},"content":{"rendered":"<p>[vc_row][vc_column]\n\t\t\t<!-- START Mascotas REVOLUTION SLIDER 6.5.24 --><p class=\"rs-p-wp-fix\"><\/p>\n\t\t\t<rs-module-wrap id=\"rev_slider_14_1_wrapper\" data-source=\"gallery\" style=\"visibility:hidden;background:transparent;padding:0;margin:0px auto;margin-top:0;margin-bottom:0;\">\n\t\t\t\t<rs-module id=\"rev_slider_14_1\" style=\"\" data-version=\"6.5.24\">\n\t\t\t\t\t<rs-slides>\n\t\t\t\t\t\t<rs-slide style=\"position: absolute;\" data-key=\"rs-14\" data-title=\"ait\" data-anim=\"f:random;\" data-in=\"o:0;sx:1.1;sy:1.1;m:true;row:5;col:5;\" data-out=\"a:false;\">\n\t\t\t\t\t\t\t<img fetchpriority=\"high\" decoding=\"async\" src=\"\/\/www.aeropuertodetoluca.com.mx\/inicio\/wp-content\/plugins\/revslider\/public\/assets\/assets\/dummy.png\" alt=\"\" title=\"mascotas\" width=\"2560\" height=\"1280\" class=\"rev-slidebg tp-rs-img rs-lazyload\" data-lazyload=\"\/\/www.aeropuertodetoluca.com.mx\/inicio\/wp-content\/uploads\/2022\/06\/mascotas-2-scaled.jpg\" data-no-retina>\n<!--\n\t\t\t\t\t\t\t--><rs-layer\n\t\t\t\t\t\t\t\tid=\"slider-14-slide-14-layer-0\" \n\t\t\t\t\t\t\t\tdata-type=\"text\"\n\t\t\t\t\t\t\t\tdata-color=\"#fff\"\n\t\t\t\t\t\t\t\tdata-rsp_ch=\"on\"\n\t\t\t\t\t\t\t\tdata-xy=\"xo:429px,354px,268px,165px;yo:361px,298px,226px,139px;\"\n\t\t\t\t\t\t\t\tdata-text=\"w:nowrap;s:117,96,72,44;l:148,122,92,56;fw:900;a:right;\"\n\t\t\t\t\t\t\t\tdata-dim=\"w:755px,623px,473px,291px;minh:0,none,none,none;\"\n\t\t\t\t\t\t\t\tdata-frame_0=\"sX:0.9;sY:0.9;\"\n\t\t\t\t\t\t\t\tdata-frame_1=\"x:57px,47px,35px,21px;y:-45px,-37px,-28px,-17px;e:power2.inOut;st:270;sp:1000;sR:270;\"\n\t\t\t\t\t\t\t\tdata-frame_999=\"sX:0.7;sY:0.7;o:0;e:back.in;st:w;sp:500;sR:7730;\"\n\t\t\t\t\t\t\t\tstyle=\"z-index:5;background-color:rgba(249,156,37,0.33);font-family:'Roboto';text-transform:uppercase;\"\n\t\t\t\t\t\t\t>Mascotas \n\t\t\t\t\t\t\t<\/rs-layer><!--\n\n\t\t\t\t\t\t\t--><rs-layer\n\t\t\t\t\t\t\t\tid=\"slider-14-slide-14-layer-1\" \n\t\t\t\t\t\t\t\tdata-type=\"image\"\n\t\t\t\t\t\t\t\tdata-rsp_ch=\"on\"\n\t\t\t\t\t\t\t\tdata-xy=\"xo:507px,418px,317px,195px;yo:335px,276px,209px,128px;\"\n\t\t\t\t\t\t\t\tdata-text=\"w:normal;s:20,16,12,7;l:0,20,15,9;\"\n\t\t\t\t\t\t\t\tdata-dim=\"w:102px,84px,63px,38px;h:98px,80px,60px,37px;\"\n\t\t\t\t\t\t\t\tdata-frame_0=\"x:-100%;\"\n\t\t\t\t\t\t\t\tdata-frame_0_mask=\"u:t;\"\n\t\t\t\t\t\t\t\tdata-frame_1=\"x:1px,0px,0px,0px;y:1px,0px,0px,0px;st:1570;sp:1000;\"\n\t\t\t\t\t\t\t\tdata-frame_1_mask=\"u:t;\"\n\t\t\t\t\t\t\t\tdata-frame_999=\"o:0;st:w;sR:6430;\"\n\t\t\t\t\t\t\t\tstyle=\"z-index:6;\"\n\t\t\t\t\t\t\t><img decoding=\"async\" src=\"\/\/www.aeropuertodetoluca.com.mx\/inicio\/wp-content\/plugins\/revslider\/public\/assets\/assets\/dummy.png\" alt=\"\" class=\"tp-rs-img rs-lazyload\" width=\"541\" height=\"521\" data-lazyload=\"\/\/www.aeropuertodetoluca.com.mx\/inicio\/wp-content\/uploads\/2022\/07\/mascotas.png\" data-no-retina> \n\t\t\t\t\t\t\t<\/rs-layer><!--\n-->\t\t\t\t\t\t<\/rs-slide>\n\t\t\t\t\t<\/rs-slides>\n\t\t\t\t<\/rs-module>\n\t\t\t\t<script>\n\t\t\t\t\tsetREVStartSize({c: 'rev_slider_14_1',rl:[1240,1024,778,480],el:[900,743,960,720],gw:[1240,1024,778,480],gh:[900,768,960,600],type:'standard',justify:'',layout:'fullwidth',mh:\"0\"});if (window.RS_MODULES!==undefined && window.RS_MODULES.modules!==undefined && window.RS_MODULES.modules[\"revslider141\"]!==undefined) {window.RS_MODULES.modules[\"revslider141\"].once = false;window.revapi14 = undefined;if (window.RS_MODULES.checkMinimal!==undefined) window.RS_MODULES.checkMinimal()}\n\t\t\t\t<\/script>\n\t\t\t<\/rs-module-wrap>\n\t\t\t<!-- END REVOLUTION SLIDER -->\n[\/vc_column][\/vc_row][vc_row full_width=\u00bbstretch_row\u00bb wrap_container=\u00bbyes\u00bb css=\u00bb.vc_custom_1657865943962{background-color: #f99c25 !important;}\u00bb el_class=\u00bbpt-5 custom-zindex\u00bb][vc_column][vc_column_text css=\u00bb.vc_custom_1669227315783{margin-right: 20px !important;margin-left: 20px !important;}\u00bb]<\/p>\n<p style=\"font-size: 24px; color: #ffffff; text-align: center;\"><span style=\"font-size: 28px; color: #ffffff;\">Las mascotas son bienvenidas, mismas que deber\u00e1n permanecer dentro de sus transportadoras durante su estancia en la terminal a\u00e9rea.<\/span><\/p>\n<p style=\"font-size: 24px; color: #ffffff; text-align: center;\"><span style=\"font-size: 28px; color: #ffffff;\">Para viajar a bordo, el pasajero deber\u00e1 revisar los lineamientos con cada aerol\u00ednea para que la mascota viaje c\u00f3moda y segura.<\/span><\/p>\n<p>[\/vc_column_text][\/vc_column][\/vc_row][vc_row][vc_column][vc_custom_heading text=\u00bbAlgunas recomendaciones\u00bb font_container=\u00bbtag:h1|font_size:3.65em|text_align:center|color:%23000000|line_height:1.4&#8243; use_theme_fonts=\u00bbyes\u00bb font_weight=\u00bb700&#8243; css=\u00bb.vc_custom_1657138907781{padding-top: 20px !important;}\u00bb el_class=\u00bbmb-5&#8243;][\/vc_column][\/vc_row][vc_row wrap_container=\u00bbyes\u00bb][vc_column width=\u00bb1\/3&#8243; el_class=\u00bbhover-box\u00bb]<div class=\"porto-sicon-box  vc_custom_1655953735221 p-5  wpb_custom_1efe903570d178ff0a9b7bfa5febd3a4 style_1 top-icon\"><div class=\"porto-sicon-top\"><div id=\"porto-icon-153763091769df489028c27\" class=\"porto-just-icon-wrapper porto-sicon-img\" style=\"font-size: 120px;\" data-appear-animation=\"pulse\"><img decoding=\"async\" class=\"img-icon\" alt=\"\" src=\"https:\/\/www.aeropuertodetoluca.com.mx\/inicio\/wp-content\/uploads\/2022\/06\/certificado.png\" width=\"392\" height=\"500\" \/><\/div><\/div><div class=\"porto-sicon-header\"><p style=\"font-weight:700;font-size:16.8px;color:#f89c25;\">Certificado de salud oficial<\/p><\/div> <!-- header --><\/div><!-- porto-sicon-box -->[\/vc_column][vc_column width=\u00bb1\/3&#8243; el_class=\u00bbhover-box\u00bb]<div class=\"porto-sicon-box  vc_custom_1655850687902 p-5  wpb_custom_1efe903570d178ff0a9b7bfa5febd3a4 style_1 top-icon\"><div class=\"porto-sicon-top\"><div id=\"porto-icon-96824660669df4890293b6\" class=\"porto-just-icon-wrapper porto-sicon-img\" style=\"font-size: 120px;\" data-appear-animation=\"pulse\"><img loading=\"lazy\" decoding=\"async\" class=\"img-icon\" alt=\"\" src=\"https:\/\/www.aeropuertodetoluca.com.mx\/inicio\/wp-content\/uploads\/2022\/06\/cartilla-vacunacion.png\" width=\"382\" height=\"500\" \/><\/div><\/div><div class=\"porto-sicon-header\"><p style=\"font-weight:700;font-size:16.8px;color:#f89c25;\">Cartilla de vacunaci\u00f3n completa y vigente<\/p><\/div> <!-- header --><\/div><!-- porto-sicon-box -->[\/vc_column][vc_column width=\u00bb1\/3&#8243; el_class=\u00bbhover-box\u00bb]<div class=\"porto-sicon-box  vc_custom_1655953752480 p-5  wpb_custom_1efe903570d178ff0a9b7bfa5febd3a4 style_1 top-icon\"><div class=\"porto-sicon-top\"><div id=\"porto-icon-86577336769df489029a01\" class=\"porto-just-icon-wrapper porto-sicon-img\" style=\"font-size: 160px;\" data-appear-animation=\"pulse\"><img loading=\"lazy\" decoding=\"async\" class=\"img-icon\" alt=\"\" src=\"https:\/\/www.aeropuertodetoluca.com.mx\/inicio\/wp-content\/uploads\/2022\/06\/pase-abordar.png\" width=\"501\" height=\"500\" \/><\/div><\/div><div class=\"porto-sicon-header\"><p style=\"font-weight:700;font-size:16.8px;color:#f89c25;\">Pase de abordar del due\u00f1o o persona responable<\/p><\/div> <!-- header --><\/div><!-- porto-sicon-box -->[\/vc_column][\/vc_row][vc_row wrap_container=\u00bbyes\u00bb][vc_column width=\u00bb1\/3&#8243; el_class=\u00bbhover-box\u00bb]<div class=\"porto-sicon-box  vc_custom_1669227499250 p-5  wpb_custom_1efe903570d178ff0a9b7bfa5febd3a4 style_1 top-icon\"><div class=\"porto-sicon-top\"><div id=\"porto-icon-135763158069df48902a058\" class=\"porto-just-icon-wrapper porto-sicon-img\" style=\"font-size: 160px;\" data-appear-animation=\"pulse\"><img loading=\"lazy\" decoding=\"async\" class=\"img-icon\" alt=\"\" src=\"https:\/\/www.aeropuertodetoluca.com.mx\/inicio\/wp-content\/uploads\/2022\/06\/perros-guias.png\" width=\"498\" height=\"501\" \/><\/div><\/div><div class=\"porto-sicon-header\"><p style=\"font-weight:700;font-size:16.8px;color:#f89c25;\">Perros gu\u00eda, animales de apoyo o terapia<\/p><\/div> <!-- header --><div class=\"porto-sicon-description\" style=\"color:#f89c25;\">Son permitidos si presentan certificados que avalen sus funciones terap\u00e9uticas o de trabajo.<\/div> <!-- description --><\/div><!-- porto-sicon-box -->[\/vc_column][vc_column width=\u00bb1\/3&#8243; el_class=\u00bbhover-box\u00bb]<div class=\"porto-sicon-box  vc_custom_1669235328887 p-5  wpb_custom_1efe903570d178ff0a9b7bfa5febd3a4 style_1 top-icon\"><div class=\"porto-sicon-top\"><div id=\"porto-icon-27038828169df48902a79c\" class=\"porto-just-icon-wrapper porto-sicon-img\" style=\"font-size: 180px;\" data-appear-animation=\"pulse\"><img loading=\"lazy\" decoding=\"async\" class=\"img-icon\" alt=\"\" src=\"https:\/\/www.aeropuertodetoluca.com.mx\/inicio\/wp-content\/uploads\/2022\/06\/vuelos-internacionales.png\" width=\"715\" height=\"500\" \/><\/div><\/div><div class=\"porto-sicon-description\" style=\"color:#f89c25;\">\n<p>&nbsp;<\/p>\n<p>En vuelos internacionales se pide cumplir con lineamientos de SAGARPA SENASICA para el Certificado Zoosanitario de importaci\u00f3n o exportaci\u00f3n.<\/div> <!-- description --><\/div><!-- porto-sicon-box -->[\/vc_column][vc_column width=\u00bb1\/3&#8243; el_class=\u00bbhover-box\u00bb]<div class=\"porto-sicon-box  vc_custom_1657138527702 p-5  wpb_custom_1efe903570d178ff0a9b7bfa5febd3a4 style_1 top-icon\"><div class=\"porto-sicon-top\"><div id=\"porto-icon-171693256869df48902adef\" class=\"porto-just-icon-wrapper porto-sicon-img\" style=\"font-size: 180px;\" data-appear-animation=\"pulse\"><img loading=\"lazy\" decoding=\"async\" class=\"img-icon\" alt=\"\" src=\"https:\/\/www.aeropuertodetoluca.com.mx\/inicio\/wp-content\/uploads\/2022\/06\/animal-transportadora.png\" width=\"602\" height=\"500\" \/><\/div><\/div><div class=\"porto-sicon-header\"><p style=\"font-weight:700;font-size:16.8px;color:#f89c25;\">Puedes llevar un animal por transportadora<\/p><\/div> <!-- header --><div class=\"porto-sicon-description\" style=\"color:#f89c25;\">Exceptuando cachorros de 16 a 24 semanas, entonces puedes llevar hasta 2, siempre y cuando tengan movilidad.<\/div> <!-- description --><\/div><!-- porto-sicon-box -->[\/vc_column][\/vc_row][vc_row wrap_container=\u00bbyes\u00bb][vc_column width=\u00bb1\/3&#8243; el_class=\u00bbhover-box\u00bb]<div class=\"porto-sicon-box  vc_custom_1657138545411 p-5  wpb_custom_1efe903570d178ff0a9b7bfa5febd3a4 style_1 top-icon\"><div class=\"porto-sicon-top\"><div id=\"porto-icon-62186148169df48902b4a7\" class=\"porto-just-icon-wrapper porto-sicon-img\" style=\"font-size: 160px;\" data-appear-animation=\"pulse\"><img loading=\"lazy\" decoding=\"async\" class=\"img-icon\" alt=\"\" src=\"https:\/\/www.aeropuertodetoluca.com.mx\/inicio\/wp-content\/uploads\/2022\/06\/la-transportadora.png\" width=\"602\" height=\"500\" \/><\/div><\/div><div class=\"porto-sicon-header\"><p style=\"font-weight:700;font-size:16.8px;color:#f89c25;\">La transportadora<\/p><\/div> <!-- header --><div class=\"porto-sicon-description\" style=\"color:#f89c25;\">No debe de tener el piso perforado ni ruedas<\/div> <!-- description --><\/div><!-- porto-sicon-box -->[\/vc_column][vc_column width=\u00bb1\/3&#8243; el_class=\u00bbhover-box\u00bb]<div class=\"porto-sicon-box  vc_custom_1655953826205 p-5  wpb_custom_1efe903570d178ff0a9b7bfa5febd3a4 style_1 top-icon\"><div class=\"porto-sicon-top\"><div id=\"porto-icon-186112896269df48902bab4\" class=\"porto-just-icon-wrapper porto-sicon-img\" style=\"font-size: 160px;\" data-appear-animation=\"pulse\"><img loading=\"lazy\" decoding=\"async\" class=\"img-icon\" alt=\"\" src=\"https:\/\/www.aeropuertodetoluca.com.mx\/inicio\/wp-content\/uploads\/2022\/06\/aves-protegidas.png\" width=\"500\" height=\"501\" \/><\/div><\/div><div class=\"porto-sicon-header\"><p style=\"font-weight:700;font-size:16.8px;color:#f89c25;\">Aves protegidas<\/p><\/div> <!-- header --><\/div><!-- porto-sicon-box -->[\/vc_column][vc_column width=\u00bb1\/3&#8243; el_class=\u00bbhover-box\u00bb]<div class=\"porto-sicon-box  vc_custom_1657138617175 p-5  wpb_custom_1efe903570d178ff0a9b7bfa5febd3a4 style_1 top-icon\"><div class=\"porto-sicon-top\"><div id=\"porto-icon-157138538169df48902c0ba\" class=\"porto-just-icon-wrapper porto-sicon-img\" style=\"font-size: 160px;\" data-appear-animation=\"pulse\"><img loading=\"lazy\" decoding=\"async\" class=\"img-icon\" alt=\"\" src=\"https:\/\/www.aeropuertodetoluca.com.mx\/inicio\/wp-content\/uploads\/2022\/06\/vacunar.png\" width=\"501\" height=\"500\" \/><\/div><\/div><div class=\"porto-sicon-description\" style=\"color:#f89c25;\">No vacunar, desparasitar, ni someter a la mascota a procesos quir\u00fargicos dentro de los 5 d\u00edas previos al vuelo<\/div> <!-- description --><\/div><!-- porto-sicon-box -->[\/vc_column][\/vc_row][vc_row full_width=\u00bbstretch_row\u00bb][vc_column][vc_cta h2=\u00bb\u00bb style=\u00bb3d\u00bb color=\u00bbgrey\u00bb add_icon=\u00bbleft\u00bb i_icon_fontawesome=\u00bbfas fa-info\u00bb i_color=\u00bbblack\u00bb i_background_style=\u00bbrounded\u00bb i_background_color=\u00bbwhite\u00bb i_on_border=\u00bbtrue\u00bb]<span style=\"font-size: 20px;\"><b>Importante:<\/b>\u00a0No olvides consultar los lineamientos y restricciones para el traslado de mascotas con tu aerol\u00ednea.<\/span>[\/vc_cta][\/vc_column][\/vc_row][vc_row wrap_container=\u00bbyes\u00bb][vc_column width=\u00bb1\/3&#8243; el_class=\u00bbhover-box\u00bb]<div class=\"porto-sicon-box  vc_custom_1657138632808 p-5  wpb_custom_1efe903570d178ff0a9b7bfa5febd3a4 style_1 top-icon\"><div class=\"porto-sicon-top\"><div id=\"porto-icon-36238476669df48902c6ef\" class=\"porto-just-icon-wrapper porto-sicon-img\" style=\"font-size: 310px;\" data-appear-animation=\"pulse\"><img loading=\"lazy\" decoding=\"async\" class=\"img-icon\" alt=\"\" src=\"https:\/\/www.aeropuertodetoluca.com.mx\/inicio\/wp-content\/uploads\/2022\/06\/mascotas-uno.png\" width=\"1199\" height=\"540\" \/><\/div><\/div><div class=\"porto-sicon-description\" style=\"color:#f89c25;\">Verifica que la transportadora aprobada para transporte a\u00e9reo tenga una ventilaci\u00f3n adecuada (preferentemente en los 4 lados):<\/div> <!-- description --><\/div><!-- porto-sicon-box -->[\/vc_column][vc_column width=\u00bb1\/3&#8243; el_class=\u00bbhover-box\u00bb]<div class=\"porto-sicon-box  vc_custom_1657138647155 p-5  wpb_custom_1efe903570d178ff0a9b7bfa5febd3a4 style_1 top-icon\"><div class=\"porto-sicon-top\"><div id=\"porto-icon-125954730769df48902c8e4\" class=\"porto-just-icon-wrapper porto-sicon-img\" style=\"font-size: 180px;\" data-appear-animation=\"pulse\"><img loading=\"lazy\" decoding=\"async\" class=\"img-icon\" alt=\"\" src=\"https:\/\/www.aeropuertodetoluca.com.mx\/inicio\/wp-content\/uploads\/2022\/06\/animal-transportadora.png\" width=\"602\" height=\"500\" \/><\/div><\/div><div class=\"porto-sicon-description\" style=\"color:#f89c25;\">Tu mascota debe movilidad dentro de la transportadora.<\/div> <!-- description --><\/div><!-- porto-sicon-box -->[\/vc_column][vc_column width=\u00bb1\/3&#8243; el_class=\u00bbhover-box\u00bb]<div class=\"porto-sicon-box  vc_custom_1657138659277 p-5  wpb_custom_1efe903570d178ff0a9b7bfa5febd3a4 style_1 top-icon\"><div class=\"porto-sicon-top\"><div id=\"porto-icon-79391962969df48902ced9\" class=\"porto-just-icon-wrapper porto-sicon-img\" style=\"font-size: 160px;\" data-appear-animation=\"pulse\"><img loading=\"lazy\" decoding=\"async\" class=\"img-icon\" alt=\"\" src=\"https:\/\/www.aeropuertodetoluca.com.mx\/inicio\/wp-content\/uploads\/2022\/06\/mascotascheck.png\" width=\"758\" height=\"696\" \/><\/div><\/div><div class=\"porto-sicon-description\" style=\"color:#f89c25;\">Puede ser un contenedor suave (de tela) o r\u00edgido (de pl\u00e1stico) mientras cumpla con las medidas y requisitos de la aerol\u00ednea.<\/div> <!-- description --><\/div><!-- porto-sicon-box -->[\/vc_column][\/vc_row]<\/p>\n","protected":false},"excerpt":{"rendered":"<p>[vc_row][vc_column][\/vc_column][\/vc_row][vc_row full_width=\u00bbstretch_row\u00bb wrap_container=\u00bbyes\u00bb css=\u00bb.vc_custom_1657865943962{background-color: #f99c25 !important;}\u00bb el_class=\u00bbpt-5 custom-zindex\u00bb][vc_column][vc_column_text css=\u00bb.vc_custom_1669227315783{margin-right: 20px !important;margin-left: 20px !important;}\u00bb] Las mascotas son bienvenidas, mismas que deber\u00e1n permanecer dentro de sus transportadoras durante su estancia en la terminal a\u00e9rea. Para viajar a bordo, el pasajero deber\u00e1 revisar los lineamientos con cada aerol\u00ednea para que la mascota viaje c\u00f3moda y segura. [\/vc_column_text][\/vc_column][\/vc_row][vc_row][vc_column][vc_custom_heading text=\u00bbAlgunas [&hellip;]<\/p>\n","protected":false},"author":1,"featured_media":0,"parent":1068,"menu_order":0,"comment_status":"closed","ping_status":"closed","template":"","meta":{"_acf_changed":false,"footnotes":""},"class_list":["post-1123","page","type-page","status-publish","hentry"],"acf":[],"yoast_head":"<!-- This site is optimized with the Yoast SEO plugin v24.0 - https:\/\/yoast.com\/wordpress\/plugins\/seo\/ -->\n<title>Mascotas - Aeropuerto Internacional de Toluca<\/title>\n<meta name=\"robots\" content=\"index, follow, max-snippet:-1, max-image-preview:large, max-video-preview:-1\" \/>\n<link rel=\"canonical\" href=\"https:\/\/www.aeropuertodetoluca.com.mx\/inicio\/pasajeros\/mascotas\/\" \/>\n<meta property=\"og:locale\" content=\"es_ES\" \/>\n<meta property=\"og:type\" content=\"article\" \/>\n<meta property=\"og:title\" content=\"Mascotas - Aeropuerto Internacional de Toluca\" \/>\n<meta property=\"og:description\" content=\"[vc_row][vc_column][\/vc_column][\/vc_row][vc_row full_width=\u00bbstretch_row\u00bb wrap_container=\u00bbyes\u00bb css=\u00bb.vc_custom_1657865943962{background-color: #f99c25 !important;}\u00bb el_class=\u00bbpt-5 custom-zindex\u00bb][vc_column][vc_column_text css=\u00bb.vc_custom_1669227315783{margin-right: 20px !important;margin-left: 20px !important;}\u00bb] Las mascotas son bienvenidas, mismas que deber\u00e1n permanecer dentro de sus transportadoras durante su estancia en la terminal a\u00e9rea. Para viajar a bordo, el pasajero deber\u00e1 revisar los lineamientos con cada aerol\u00ednea para que la mascota viaje c\u00f3moda y segura. [\/vc_column_text][\/vc_column][\/vc_row][vc_row][vc_column][vc_custom_heading text=\u00bbAlgunas [&hellip;]\" \/>\n<meta property=\"og:url\" content=\"https:\/\/www.aeropuertodetoluca.com.mx\/inicio\/pasajeros\/mascotas\/\" \/>\n<meta property=\"og:site_name\" content=\"Aeropuerto Internacional de Toluca\" \/>\n<meta property=\"article:modified_time\" content=\"2022-11-28T23:16:48+00:00\" \/>\n<meta name=\"twitter:card\" content=\"summary_large_image\" \/>\n<meta name=\"twitter:label1\" content=\"Tiempo de lectura\" \/>\n\t<meta name=\"twitter:data1\" content=\"3 minutos\" \/>\n<script type=\"application\/ld+json\" class=\"yoast-schema-graph\">{\"@context\":\"https:\/\/schema.org\",\"@graph\":[{\"@type\":\"WebPage\",\"@id\":\"https:\/\/www.aeropuertodetoluca.com.mx\/inicio\/pasajeros\/mascotas\/\",\"url\":\"https:\/\/www.aeropuertodetoluca.com.mx\/inicio\/pasajeros\/mascotas\/\",\"name\":\"Mascotas - Aeropuerto Internacional de Toluca\",\"isPartOf\":{\"@id\":\"https:\/\/www.aeropuertodetoluca.com.mx\/inicio\/#website\"},\"datePublished\":\"2022-06-19T21:52:39+00:00\",\"dateModified\":\"2022-11-28T23:16:48+00:00\",\"breadcrumb\":{\"@id\":\"https:\/\/www.aeropuertodetoluca.com.mx\/inicio\/pasajeros\/mascotas\/#breadcrumb\"},\"inLanguage\":\"es\",\"potentialAction\":[{\"@type\":\"ReadAction\",\"target\":[\"https:\/\/www.aeropuertodetoluca.com.mx\/inicio\/pasajeros\/mascotas\/\"]}]},{\"@type\":\"BreadcrumbList\",\"@id\":\"https:\/\/www.aeropuertodetoluca.com.mx\/inicio\/pasajeros\/mascotas\/#breadcrumb\",\"itemListElement\":[{\"@type\":\"ListItem\",\"position\":1,\"name\":\"Portada\",\"item\":\"https:\/\/www.aeropuertodetoluca.com.mx\/inicio\/\"},{\"@type\":\"ListItem\",\"position\":2,\"name\":\"pasajeros\",\"item\":\"https:\/\/www.aeropuertodetoluca.com.mx\/inicio\/pasajeros\/\"},{\"@type\":\"ListItem\",\"position\":3,\"name\":\"Mascotas\"}]},{\"@type\":\"WebSite\",\"@id\":\"https:\/\/www.aeropuertodetoluca.com.mx\/inicio\/#website\",\"url\":\"https:\/\/www.aeropuertodetoluca.com.mx\/inicio\/\",\"name\":\"Aeropuerto Internacional de Toluca\",\"description\":\"Por ti y para ti\",\"publisher\":{\"@id\":\"https:\/\/www.aeropuertodetoluca.com.mx\/inicio\/#organization\"},\"potentialAction\":[{\"@type\":\"SearchAction\",\"target\":{\"@type\":\"EntryPoint\",\"urlTemplate\":\"https:\/\/www.aeropuertodetoluca.com.mx\/inicio\/?s={search_term_string}\"},\"query-input\":{\"@type\":\"PropertyValueSpecification\",\"valueRequired\":true,\"valueName\":\"search_term_string\"}}],\"inLanguage\":\"es\"},{\"@type\":\"Organization\",\"@id\":\"https:\/\/www.aeropuertodetoluca.com.mx\/inicio\/#organization\",\"name\":\"Aeropuerto Internacional de Toluca\",\"url\":\"https:\/\/www.aeropuertodetoluca.com.mx\/inicio\/\",\"logo\":{\"@type\":\"ImageObject\",\"inLanguage\":\"es\",\"@id\":\"https:\/\/www.aeropuertodetoluca.com.mx\/inicio\/#\/schema\/logo\/image\/\",\"url\":\"https:\/\/www.aeropuertodetoluca.com.mx\/inicio\/wp-content\/uploads\/2022\/06\/logosmall.png\",\"contentUrl\":\"https:\/\/www.aeropuertodetoluca.com.mx\/inicio\/wp-content\/uploads\/2022\/06\/logosmall.png\",\"width\":388,\"height\":154,\"caption\":\"Aeropuerto Internacional de Toluca\"},\"image\":{\"@id\":\"https:\/\/www.aeropuertodetoluca.com.mx\/inicio\/#\/schema\/logo\/image\/\"}}]}<\/script>\n<!-- \/ Yoast SEO plugin. -->","yoast_head_json":{"title":"Mascotas - Aeropuerto Internacional de Toluca","robots":{"index":"index","follow":"follow","max-snippet":"max-snippet:-1","max-image-preview":"max-image-preview:large","max-video-preview":"max-video-preview:-1"},"canonical":"https:\/\/www.aeropuertodetoluca.com.mx\/inicio\/pasajeros\/mascotas\/","og_locale":"es_ES","og_type":"article","og_title":"Mascotas - Aeropuerto Internacional de Toluca","og_description":"[vc_row][vc_column][\/vc_column][\/vc_row][vc_row full_width=\u00bbstretch_row\u00bb wrap_container=\u00bbyes\u00bb css=\u00bb.vc_custom_1657865943962{background-color: #f99c25 !important;}\u00bb el_class=\u00bbpt-5 custom-zindex\u00bb][vc_column][vc_column_text css=\u00bb.vc_custom_1669227315783{margin-right: 20px !important;margin-left: 20px !important;}\u00bb] Las mascotas son bienvenidas, mismas que deber\u00e1n permanecer dentro de sus transportadoras durante su estancia en la terminal a\u00e9rea. Para viajar a bordo, el pasajero deber\u00e1 revisar los lineamientos con cada aerol\u00ednea para que la mascota viaje c\u00f3moda y segura. [\/vc_column_text][\/vc_column][\/vc_row][vc_row][vc_column][vc_custom_heading text=\u00bbAlgunas [&hellip;]","og_url":"https:\/\/www.aeropuertodetoluca.com.mx\/inicio\/pasajeros\/mascotas\/","og_site_name":"Aeropuerto Internacional de Toluca","article_modified_time":"2022-11-28T23:16:48+00:00","twitter_card":"summary_large_image","twitter_misc":{"Tiempo de lectura":"3 minutos"},"schema":{"@context":"https:\/\/schema.org","@graph":[{"@type":"WebPage","@id":"https:\/\/www.aeropuertodetoluca.com.mx\/inicio\/pasajeros\/mascotas\/","url":"https:\/\/www.aeropuertodetoluca.com.mx\/inicio\/pasajeros\/mascotas\/","name":"Mascotas - Aeropuerto Internacional de Toluca","isPartOf":{"@id":"https:\/\/www.aeropuertodetoluca.com.mx\/inicio\/#website"},"datePublished":"2022-06-19T21:52:39+00:00","dateModified":"2022-11-28T23:16:48+00:00","breadcrumb":{"@id":"https:\/\/www.aeropuertodetoluca.com.mx\/inicio\/pasajeros\/mascotas\/#breadcrumb"},"inLanguage":"es","potentialAction":[{"@type":"ReadAction","target":["https:\/\/www.aeropuertodetoluca.com.mx\/inicio\/pasajeros\/mascotas\/"]}]},{"@type":"BreadcrumbList","@id":"https:\/\/www.aeropuertodetoluca.com.mx\/inicio\/pasajeros\/mascotas\/#breadcrumb","itemListElement":[{"@type":"ListItem","position":1,"name":"Portada","item":"https:\/\/www.aeropuertodetoluca.com.mx\/inicio\/"},{"@type":"ListItem","position":2,"name":"pasajeros","item":"https:\/\/www.aeropuertodetoluca.com.mx\/inicio\/pasajeros\/"},{"@type":"ListItem","position":3,"name":"Mascotas"}]},{"@type":"WebSite","@id":"https:\/\/www.aeropuertodetoluca.com.mx\/inicio\/#website","url":"https:\/\/www.aeropuertodetoluca.com.mx\/inicio\/","name":"Aeropuerto Internacional de Toluca","description":"Por ti y para ti","publisher":{"@id":"https:\/\/www.aeropuertodetoluca.com.mx\/inicio\/#organization"},"potentialAction":[{"@type":"SearchAction","target":{"@type":"EntryPoint","urlTemplate":"https:\/\/www.aeropuertodetoluca.com.mx\/inicio\/?s={search_term_string}"},"query-input":{"@type":"PropertyValueSpecification","valueRequired":true,"valueName":"search_term_string"}}],"inLanguage":"es"},{"@type":"Organization","@id":"https:\/\/www.aeropuertodetoluca.com.mx\/inicio\/#organization","name":"Aeropuerto Internacional de Toluca","url":"https:\/\/www.aeropuertodetoluca.com.mx\/inicio\/","logo":{"@type":"ImageObject","inLanguage":"es","@id":"https:\/\/www.aeropuertodetoluca.com.mx\/inicio\/#\/schema\/logo\/image\/","url":"https:\/\/www.aeropuertodetoluca.com.mx\/inicio\/wp-content\/uploads\/2022\/06\/logosmall.png","contentUrl":"https:\/\/www.aeropuertodetoluca.com.mx\/inicio\/wp-content\/uploads\/2022\/06\/logosmall.png","width":388,"height":154,"caption":"Aeropuerto Internacional de Toluca"},"image":{"@id":"https:\/\/www.aeropuertodetoluca.com.mx\/inicio\/#\/schema\/logo\/image\/"}}]}},"_links":{"self":[{"href":"https:\/\/www.aeropuertodetoluca.com.mx\/inicio\/wp-json\/wp\/v2\/pages\/1123","targetHints":{"allow":["GET"]}}],"collection":[{"href":"https:\/\/www.aeropuertodetoluca.com.mx\/inicio\/wp-json\/wp\/v2\/pages"}],"about":[{"href":"https:\/\/www.aeropuertodetoluca.com.mx\/inicio\/wp-json\/wp\/v2\/types\/page"}],"author":[{"embeddable":true,"href":"https:\/\/www.aeropuertodetoluca.com.mx\/inicio\/wp-json\/wp\/v2\/users\/1"}],"replies":[{"embeddable":true,"href":"https:\/\/www.aeropuertodetoluca.com.mx\/inicio\/wp-json\/wp\/v2\/comments?post=1123"}],"version-history":[{"count":71,"href":"https:\/\/www.aeropuertodetoluca.com.mx\/inicio\/wp-json\/wp\/v2\/pages\/1123\/revisions"}],"predecessor-version":[{"id":2843,"href":"https:\/\/www.aeropuertodetoluca.com.mx\/inicio\/wp-json\/wp\/v2\/pages\/1123\/revisions\/2843"}],"up":[{"embeddable":true,"href":"https:\/\/www.aeropuertodetoluca.com.mx\/inicio\/wp-json\/wp\/v2\/pages\/1068"}],"wp:attachment":[{"href":"https:\/\/www.aeropuertodetoluca.com.mx\/inicio\/wp-json\/wp\/v2\/media?parent=1123"}],"curies":[{"name":"wp","href":"https:\/\/api.w.org\/{rel}","templated":true}]}}